2)/(-6)). Suppose -h*y = -4*u, y - 12 = -2*y - u. What is d(y)?
0
Let c(q) = q**2 + q. Let g be c(-1). Suppose 2*x - 14 = 4*a, -3*a = -g*a - 2*x + 12. Let y(v) be the second derivative of 2*v**3/3 + v. Calculate y(a).
-8
Suppose s = 3*s + 2. Let c(l) be the first derivative of -l**3 + l**2 + l + 1. What is c(s)?
-4
Let w(b) = -b**2 + 5*b + 6. Suppose m = 4*t + 18, -t + 20 = -6*t. Suppose -m*i + 5 + 7 = 0. Let z be w(i). Let n(s) = s**2 + s - 6. What is n(z)?
-6
Let f(i) = i**2 + 8*i - 2. Suppose -12 = 2*h - 0*h. Give f(h).
-14
Suppose 5*t + 4 = 4*t. Let c(l) be the second derivative of -l**4/12 - l**3/6 + 3*l**2/2 - 2*l. Calculate c(t).
-9
Let w(k) = -3*k**2 + k + 1. Suppose -2*i + 4*i + 2 = 0. What is w(i)?
-3
Let c(j) be the third derivative of -j**5/60 + j**4/24 - j**3/6 + j**2. Let r(n) = n**3 + 4*n**2 - 2*n - 10. Let w be r(-2). Determine c(w).
-3
Let f(r) = -4*r**2 - r - 1. Let u be (-2)/(-1) + 6/(-3). Suppose 4*d + 4 = -u. Let o be f(d). Let g(j) = -j**3 - 5*j**2 - 4*j - 6. Determine g(o).
-6
Suppose 5*g - 5*s + 20 = 0, g - 7*s = -3*s - 16. Let u(m) = -8 + 19 + 6*m - 16*m + 11*m. Determine u(g).
11
Suppose 4*i + 3*f = 23, -3*i + 4*i + 5*f = 27. Let z(p) = 4*p**2 + 4*p - 3. Let y(w) = w - 1. Let u(c) = 5*y(c) - z(c). Give u(i).
-16
Let k(f) = 2 + 0*f - 1 + f + f**2. Let q = -5 + 7. Suppose 4*o - 2*o + 5*m - 16 = 0, -o - q*m = -6. Give k(o).
3
Let q be -7 - (76/(-20) + (-1)/5). Let k(d) = -2 - d + 0*d + 4*d + d**2 + 1. Calculate k(q).
-1
Let r(o) = 1 - 3*o - 6 - 2. Suppose -16 = 4*s, -s + 44 = -4*l - 6*s. What is r(l)?
11
Let y be (2 + 2/(-2))*5. Let a(h) = h**2 + 1. Let f be a(-1). Let t(b) = 1 - 3*b**2 + 3 - 4*b**f + y*b**2 + 3*b. Give t(3).
-5
Let n(q) = 5*q**2. Let g be n(1). Suppose 0 = -4*i + 8 + 4. Let o(s) = -6*s**2 + 8*s - 2 + s**3 - 5 + 0*s**i. Determine o(g).
8
Suppose 3*y - 3 = -0. Let w(u) = 24 - u**2 - 25 - 9*u**2. What is w(y)?
-11
Suppose 2*h - 4 = -6. Let b(x) = 2*x**2 - 5*x + 1. Let r(m) = m**2 - m. Let o(k) = h*r(k) + b(k). Give o(2).
-3
Let c(p) be the first derivative of -p**4/4 + 2*p**3 - 3*p - 14. Calculate c(6).
-3
Suppose n + f + f = -2, 38 = 3*n - 5*f. Let l(m) = -4*m**2 + 0*m**2 + 7*m - 22*m**3 + n + 21*m**3. Give l(-5).
-4
Let y(a) = 6*a - 3. Let c(r) = -r + 1. Let t(o) = 9*c(o) + 3*y(o). Suppose 2*f + 2 = -0, 0 = p + 4*f + 3. Let q = p + -2. Give t(q).
-9
Let q(v) = 11*v - 4*v - 6*v + 4*v**2. What is q(-1)?
3
Let v(n) = -n + 4. Let i(d) = d. Let w(h) = -4*i(h) - v(h). Give w(-6).
14
Let p(t) = -13*t - 7. Let j be p(-1). Let x(d) be the first derivative of 1/2*d**2 - 3 + j*d. Calculate x(-6).
0
Let q(f) be the third derivative of -f**5/60 + 7*f**4/24 + f**3/6 - 2*f**2 - 3*f. Calculate q(7).
1
Let o(v) = v**2 + v + 8. Suppose 0 = 3*l + 2 - 17. Let x = 0 - l. Let j = x - -5. Give o(j).
8
Let u(y) = 1. Let k(f) = f**3 - 5*f**2 + 4*f. Let z(r) = -k(r) + 6*u(r). Let g = -1 + 1. Suppose 0*i - i + 4 = g. What is z(i)?
6
Let a(h) = 2*h**2 - 5*h - h**3 + 4*h - 8*h**2 - 3*h. Let b be a(-5). Let d(p) = 1 + 0*p**2 - p**2 - 5*p - 7. Calculate d(b).
-6
Let v(g) = -g**3 - 5*g**2 - 6. Let z(n) = n**3 - 6*n**2 + 2*n + 3. Let u be z(5). Let p = 7 + u. Give v(p).
-6
Let b(d) = d - 6. Let u = 0 + 6. Calculate b(u).
0
Let s(w) = 3*w**2 - 6*w - 4. Let i(j) = -13*j**2 + 25*j + 16. Let a(y) = -2*i(y) - 9*s(y). What is a(4)?
4
Let o(u) = -8*u**3 - 5*u**3 + 5*u**2 + 14*u**3 - 3*u + 4. Give o(-6).
-14
Let p(d) be the third derivative of -d**4/24 + 13*d**2. Determine p(-3).
3
Let i be (-2)/5 + 2/5. Let d(b) = 4*b - 3*b + i*b. Suppose -2*h + 5*o = 28, o - 4*o = -4*h - 28. Calculate d(h).
-4
Let s(k) be the first derivative of -k**3 + k**2/2 + 2*k - 3. Determine s(2).
-8
Let j(p) = 10*p**3 + p - 1. Suppose -9*r + 16 = 7*r. Calculate j(r).
10
Let a = -1 + 0. Let u be a/(-3) - (-42)/9. Let b(l) = -3*l + 5. Let r(h) = -3*h + 4. Let y(q) = -3*b(q) + 2*r(q). Calculate y(u).
8
Suppose -2*d - d + 3 = 0. Let w(r) = -3 + d + 3 - 2*r. What is w(5)?
-9
Let p(o) = 7*o**2 - 1. Let v(a) = -a**3 + 4*a**2 - 4. Let w = -6 + 9. Let s be v(w). Suppose 5*u + s - 25 = -5*h, -6 = -2*u. Determine p(h).
6
Let k = 23/708 - -3/59. Let t(q) be the third derivative of 1/20*q**5 + k*q**4 + 0*q - q**2 - 1/120*q**6 + 0 + 2/3*q**3. Calculate t(4).
-4
Let s(t) = 7*t**2 + 6*t. Let c(d) = -d**2 - d. Let v(p) = 5*c(p) + s(p). Determine v(1).
3
Let n(s) = -s**2 + 2*s - 2. Let l(t) = -t**3 + 6*t**2 - 2*t + 8. Let k be l(6). Let x be 48/(-30)*10/k. Determine n(x).
-10
Let f(y) = 1 + 0 + 2 - y + 4. Calculate f(6).
1
Suppose n = -4*y - 19 + 1, 3*y = n - 17. Let l(j) be the first derivative of 1/3*j**3 + 1 + n*j - j**2. Determine l(3).
5
Let j be (4/(-10))/(4/(-20)). Let g be ((-5)/2 + 2)*4. Let m(f) = 4*f**2 - 21*f + 8. Let x(c) = -c**2 + 5*c - 2. Let a(s) = g*m(s) - 9*x(s). Calculate a(j).
0
Let i = 2 + 1. Let t = 2 - i. Let y(g) be the second derivative of g**3/3 + g**2/2 - g. What is y(t)?
-1
Let w(b) = b + 7. Suppose n - 23 - 7 = 4*l, -8 = -4*n. Determine w(l).
0
Let s = -1 - -4. Let b = 2 + s. Let i(g) = 4*g + g**3 - 4*g**2 - 2*g - 6*g. Give i(b).
5
Let y(a) be the first derivative of -2/3*a**3 + 2*a - 1/2*a**2 + 4. Determine y(-2).
-4
Let j(b) be the first derivative of -b**6/24 + b**3/6 + 9*b**2/2 + 10. Let d(g) be the second derivative of j(g). Determine d(1).
-4
Let y(u) = -4*u - 2. Let n(l) = -l**2 - 2*l + 5. Let m be n(-4). Let b(s) = s + 1. Let q(g) = m*b(g) - y(g). Determine q(5).
4
Suppose -11*s = -0*s + 77. Let k(j) = -j - 10. Give k(s).
-3
Let i be 1 + 5/(-3) + (-63)/(-54). Let j(g) be the first derivative of 2 + 4*g - 4/3*g**3 + i*g**2 - 1/4*g**4. Calculate j(-4).
0
Let x(g) = -2*g**3 - 6*g**2 + g - 6. Let w(l) = -l**3 - l**2 + l - 1. Let u(a) = 3*w(a) - x(a). What is u(3)?
9
Let v(a) be the third derivative of 0*a + 0 + 2*a**2 + 1/12*a**4 - 2/3*a**3. Determine v(5).
6
Let v(o) = -16*o - 1. Let z(q) = -q**3 + 9*q**2 + 22*q + 1. Let t be z(11). What is v(t)?
-17
Let b(f) be the third derivative of f**4/24 + f**3/3 + f**2. Suppose g = 3*z + 2*g + 18, z - 2*g - 1 = 0. Calculate b(z).
-3
Let i(f) = f**2 + 3*f - 2. Let k = -14 - -9. Calculate i(k).
8
Let g(p) = 2*p**2 - 4*p + 4. Let o(m) = 8*m**2 + m - 1. Let h(r) = 7*r**2. Let x(u) = -6*h(u) + 5*o(u). Let k(a) = 4*g(a) + 3*x(a). Give k(2).
7
Let l(p) be the second derivative of -p**2 + 0 - 1/2*p**3 + 6*p. Determine l(-5).
13
Let a(o) = -o**3 - 5*o**2. Let i be a(-5). Let h(x) = 5 + 4*x - x**2 + i*x**2 - 3*x - 4*x. Give h(-5).
-5
Let i be (3 - 1)*(-10)/4. Let p = -5 - -3. Let s(j) = -j**2 + j - 1. Let k(o) = o**3 + 4*o**2 + 8*o - 3. Let m(w) = p*s(w) + k(w). What is m(i)?
-6
Let k(x) = 2*x - 6 - 3*x + x - x. Suppose 2*q - 9 = 3*z + 5*q, 3*z - 2*q = 6. Determine k(z).
-6
Let u(v) = -v**2 + 12*v - 10. Let g be 15 - 10/(-25)*-10. Give u(g).
1
Let l(o) = o - 3. Let b be l(5). Let t(q) = 1 - b*q**2 + 6*q + 2*q**3 - 6*q. Give t(1).
1
Suppose 25 + 11 = 6*i. Let a(w) = w**2 - 5*w + 2. What is a(i)?
8
Let b(z) = -z**3 - 6*z**2 - 3*z + 1. Suppose -t + 12 = t. Let l(a) = -2*a**3 - 3*a**2 - 2. Let g be l(-3). Suppose h = t*h + g. What is b(h)?
-9
Suppose 14*g = 18*g - 96. Let s be ((-5)/(-20))/(2/g). Let h(f) = f**3 - 3*f**2 - 2*f + 2. What is h(s)?
-4
Let q(r) = -r**3 + 5*r**2 + r + 1. Let i be 1*8 - (-13 - -16). What is q(i)?
6
Let h(j) = -9*j**2 + 18*j + 3. Let t(f) = 5*f**2 - 9*f - 2. Let r(a) = 4*h(a) + 7*t(a). Let z(m) = m**2 + 5*m - 6. Let n be z(-7). Determine r(n).
6
Let k(f) = -2 + 3 + 2 - f - 1. Calculate k(6).
-4
Suppose j + 4 = 6. Suppose -4*p - 5*t + 13 = 0, j*p - 4 = -4*t + 4. Let o(c) = 4*c**p + 2 - 4*c + 0*c**3 - 1 - c**3. What is o(3)?
-2
Let r(u) = -2. Let v(i) = i + 4. Suppose 5 = -3*m - 1. Let l(d) = m*v(d) - 5*r(d). Determine l(-2).
6
Let j(q) = -q + 4. Suppose a = 6*o - 3*o + 4, 2*a = 3*o - 1. Determine j(o).
7
Let f(a) = -a - 4. Let g(j) = -j**3 + 6*j**2 + 3. Suppose 5*b - 19 = 11. Let v be g(b). Suppose -d + 2*d = v. Give f(d).
-7
Let t = 1 - -2. Let s be (-8)/(-10)*30/4. Suppose -15 = -t*g, 0 = x + s*g - g - 23. Let w(h) = -4*h - 2. Give w(x).
6
Let v(w) be the third derivative of w**6/120 + 7*w**5/60 + 7*w**4/24 + w**3/2 - 4*w**2. Give v(-6).
-3
Let k(p) = p**2 + 4*p + 3*p + 1 - 6*p. Let x = -9 - -8. What is k(x)?
1
Let d(c) be the third derivative of 0 - 1/3*c**3 - 1/24*c**4 + 0*c - 3*c**2. Determi